{"id":69,"date":"2023-08-04T11:44:21","date_gmt":"2023-08-04T14:44:21","guid":{"rendered":"https:\/\/audicont.com.br\/?page_id=69"},"modified":"2023-09-25T16:37:50","modified_gmt":"2023-09-25T19:37:50","slug":"consultoria-societaria","status":"publish","type":"page","link":"https:\/\/audicont.com.br\/?page_id=69","title":{"rendered":"Consultoria Societ\u00e1ria"},"content":{"rendered":"\t\t<div data-elementor-type=\"wp-page\" data-elementor-id=\"69\" class=\"elementor elementor-69\" data-elementor-post-type=\"page\">\n\t\t\t\t\t\t<section class=\"elementor-section elementor-top-section elementor-element elementor-element-4f66a60 elementor-section-height-min-height elementor-section-items-stretch elementor-section-content-middle elementor-section-boxed elementor-section-height-default\" data-id=\"4f66a60\" data-element_type=\"section\" data-e-type=\"section\" data-settings=\"{&quot;background_background&quot;:&quot;classic&quot;}\">\n\t\t\t\t\t\t\t<div class=\"elementor-background-overlay\"><\/div>\n\t\t\t\t\t\t\t<div class=\"elementor-container elementor-column-gap-default\">\n\t\t\t\t\t<div class=\"elementor-column elementor-col-100 elementor-top-column elementor-element elementor-element-3c427b9c\" data-id=\"3c427b9c\" data-element_type=\"column\" data-e-type=\"column\">\n\t\t\t<div class=\"elementor-widget-wrap elementor-element-populated\">\n\t\t\t\t\t\t<section class=\"elementor-section elementor-inner-section elementor-element elementor-element-48fd93c7 elementor-section-boxed elementor-section-height-default elementor-section-height-default\" data-id=\"48fd93c7\" data-element_type=\"section\" data-e-type=\"section\">\n\t\t\t\t\t\t<div class=\"elementor-container elementor-column-gap-default\">\n\t\t\t\t\t<div class=\"elementor-column elementor-col-50 elementor-inner-column elementor-element elementor-element-4455f82c\" data-id=\"4455f82c\" data-element_type=\"column\" data-e-type=\"column\">\n\t\t\t<div class=\"elementor-widget-wrap elementor-element-populated\">\n\t\t\t\t\t\t\t<\/div>\n\t\t<\/div>\n\t\t\t\t<div class=\"elementor-column elementor-col-50 elementor-inner-column elementor-element elementor-element-7948922a\" data-id=\"7948922a\" data-element_type=\"column\" data-e-type=\"column\">\n\t\t\t<div class=\"elementor-widget-wrap\">\n\t\t\t\t\t\t\t<\/div>\n\t\t<\/div>\n\t\t\t\t\t<\/div>\n\t\t<\/section>\n\t\t\t\t\t<\/div>\n\t\t<\/div>\n\t\t\t\t\t<\/div>\n\t\t<\/section>\n\t\t\t\t<section class=\"elementor-section elementor-top-section elementor-element elementor-element-7e57348c elementor-reverse-tablet elementor-reverse-mobile elementor-section-boxed elementor-section-height-default elementor-section-height-default\" data-id=\"7e57348c\" data-element_type=\"section\" data-e-type=\"section\">\n\t\t\t\t\t\t<div class=\"elementor-container elementor-column-gap-default\">\n\t\t\t\t\t<div class=\"elementor-column elementor-col-50 elementor-top-column elementor-element elementor-element-44911e1\" data-id=\"44911e1\" data-element_type=\"column\" data-e-type=\"column\">\n\t\t\t<div class=\"elementor-widget-wrap elementor-element-populated\">\n\t\t\t\t\t\t<section class=\"elementor-section elementor-inner-section elementor-element elementor-element-f4faf6e elementor-section-boxed elementor-section-height-default elementor-section-height-default\" data-id=\"f4faf6e\" data-element_type=\"section\" data-e-type=\"section\">\n\t\t\t\t\t\t<div class=\"elementor-container elementor-column-gap-default\">\n\t\t\t\t\t<div class=\"elementor-column elementor-col-100 elementor-inner-column elementor-element elementor-element-58ebc9ba\" data-id=\"58ebc9ba\" data-element_type=\"column\" data-e-type=\"column\">\n\t\t\t<div class=\"elementor-widget-wrap elementor-element-populated\">\n\t\t\t\t\t\t<div class=\"elementor-element elementor-element-7731c384 elementor-widget-divider--view-line elementor-widget elementor-widget-divider\" data-id=\"7731c384\" data-element_type=\"widget\" data-e-type=\"widget\" data-widget_type=\"divider.default\">\n\t\t\t\t<div class=\"elementor-widget-container\">\n\t\t\t\t\t\t\t<div class=\"elementor-divider\">\n\t\t\t<span class=\"elementor-divider-separator\">\n\t\t\t\t\t\t<\/span>\n\t\t<\/div>\n\t\t\t\t\t\t<\/div>\n\t\t\t\t<\/div>\n\t\t\t\t\t<\/div>\n\t\t<\/div>\n\t\t\t\t\t<\/div>\n\t\t<\/section>\n\t\t\t\t<div class=\"elementor-element elementor-element-6174a3d1 elementor-nav-menu__align-start elementor-nav-menu--dropdown-tablet elementor-nav-menu__text-align-aside elementor-nav-menu--toggle elementor-nav-menu--burger elementor-widget elementor-widget-nav-menu\" data-id=\"6174a3d1\" data-element_type=\"widget\" data-e-type=\"widget\" data-settings=\"{&quot;layout&quot;:&quot;vertical&quot;,&quot;submenu_icon&quot;:{&quot;value&quot;:&quot;&lt;i class=\\&quot;fas fa-caret-down\\&quot; aria-hidden=\\&quot;true\\&quot;&gt;&lt;\\\/i&gt;&quot;,&quot;library&quot;:&quot;fa-solid&quot;},&quot;toggle&quot;:&quot;burger&quot;}\" data-widget_type=\"nav-menu.default\">\n\t\t\t\t<div class=\"elementor-widget-container\">\n\t\t\t\t\t\t\t\t<nav aria-label=\"Menu\" class=\"elementor-nav-menu--main elementor-nav-menu__container elementor-nav-menu--layout-vertical e--pointer-none\">\n\t\t\t\t<ul id=\"menu-1-6174a3d1\" class=\"elementor-nav-menu sm-vertical\"><li class=\"menu-item menu-item-type-custom menu-item-object-custom menu-item-847\"><a href=\"https:\/\/audicont.com.br\/consultoria-societaria\/#cfi\" class=\"elementor-item elementor-item-anchor\">Cis\u00e3o\u200b | Fus\u00e3o | Incorpora\u00e7\u00e3o<\/a><\/li>\n<li class=\"menu-item menu-item-type-custom menu-item-object-custom menu-item-850\"><a href=\"https:\/\/audicont.com.br\/consultoria-societaria\/#acordo\" class=\"elementor-item elementor-item-anchor\">Acordo de cotistas \/ Acionistas<\/a><\/li>\n<li class=\"menu-item menu-item-type-custom menu-item-object-custom menu-item-851\"><a href=\"https:\/\/audicont.com.br\/consultoria-societaria\/#ppa\" class=\"elementor-item elementor-item-anchor\">PPA &#8211; Purchase Price Allocation\u200b<\/a><\/li>\n<li class=\"menu-item menu-item-type-custom menu-item-object-custom menu-item-852\"><a href=\"https:\/\/audicont.com.br\/consultoria-societaria\/#due-diligence\u200b\" class=\"elementor-item elementor-item-anchor\">Due Diligence\u200b<\/a><\/li>\n<li class=\"menu-item menu-item-type-custom menu-item-object-custom menu-item-853\"><a href=\"https:\/\/audicont.com.br\/consultoria-societaria\/#valuation\u200b\" class=\"elementor-item elementor-item-anchor\">Valuation\u200b<\/a><\/li>\n<li class=\"menu-item menu-item-type-custom menu-item-object-custom menu-item-854\"><a href=\"https:\/\/audicont.com.br\/servicos\/consultoria\/consultoria-societaria\/#atendimento\" class=\"elementor-item elementor-item-anchor\">Atendimento \u00e0s Normas Cont\u00e1beis<\/a><\/li>\n<li class=\"menu-item menu-item-type-custom menu-item-object-custom menu-item-856\"><a href=\"https:\/\/audicont.com.br\/servicos\/consultoria\/consultoria-societaria\/#sucessorio\" class=\"elementor-item elementor-item-anchor\">Planejamento Sucess\u00f3rio e Prote\u00e7\u00e3o Patrimonial\u200b<\/a><\/li>\n<\/ul>\t\t\t<\/nav>\n\t\t\t\t\t<div class=\"elementor-menu-toggle\" role=\"button\" tabindex=\"0\" aria-label=\"Menu Toggle\" aria-expanded=\"false\">\n\t\t\t<i aria-hidden=\"true\" role=\"presentation\" class=\"elementor-menu-toggle__icon--open eicon-menu-bar\"><\/i><i aria-hidden=\"true\" role=\"presentation\" class=\"elementor-menu-toggle__icon--close eicon-close\"><\/i>\t\t<\/div>\n\t\t\t\t\t<nav class=\"elementor-nav-menu--dropdown elementor-nav-menu__container\" aria-hidden=\"true\">\n\t\t\t\t<ul id=\"menu-2-6174a3d1\" class=\"elementor-nav-menu sm-vertical\"><li class=\"menu-item menu-item-type-custom menu-item-object-custom menu-item-847\"><a href=\"https:\/\/audicont.com.br\/consultoria-societaria\/#cfi\" class=\"elementor-item elementor-item-anchor\" tabindex=\"-1\">Cis\u00e3o\u200b | Fus\u00e3o | Incorpora\u00e7\u00e3o<\/a><\/li>\n<li class=\"menu-item menu-item-type-custom menu-item-object-custom menu-item-850\"><a href=\"https:\/\/audicont.com.br\/consultoria-societaria\/#acordo\" class=\"elementor-item elementor-item-anchor\" tabindex=\"-1\">Acordo de cotistas \/ Acionistas<\/a><\/li>\n<li class=\"menu-item menu-item-type-custom menu-item-object-custom menu-item-851\"><a href=\"https:\/\/audicont.com.br\/consultoria-societaria\/#ppa\" class=\"elementor-item elementor-item-anchor\" tabindex=\"-1\">PPA &#8211; Purchase Price Allocation\u200b<\/a><\/li>\n<li class=\"menu-item menu-item-type-custom menu-item-object-custom menu-item-852\"><a href=\"https:\/\/audicont.com.br\/consultoria-societaria\/#due-diligence\u200b\" class=\"elementor-item elementor-item-anchor\" tabindex=\"-1\">Due Diligence\u200b<\/a><\/li>\n<li class=\"menu-item menu-item-type-custom menu-item-object-custom menu-item-853\"><a href=\"https:\/\/audicont.com.br\/consultoria-societaria\/#valuation\u200b\" class=\"elementor-item elementor-item-anchor\" tabindex=\"-1\">Valuation\u200b<\/a><\/li>\n<li class=\"menu-item menu-item-type-custom menu-item-object-custom menu-item-854\"><a href=\"https:\/\/audicont.com.br\/servicos\/consultoria\/consultoria-societaria\/#atendimento\" class=\"elementor-item elementor-item-anchor\" tabindex=\"-1\">Atendimento \u00e0s Normas Cont\u00e1beis<\/a><\/li>\n<li class=\"menu-item menu-item-type-custom menu-item-object-custom menu-item-856\"><a href=\"https:\/\/audicont.com.br\/servicos\/consultoria\/consultoria-societaria\/#sucessorio\" class=\"elementor-item elementor-item-anchor\" tabindex=\"-1\">Planejamento Sucess\u00f3rio e Prote\u00e7\u00e3o Patrimonial\u200b<\/a><\/li>\n<\/ul>\t\t\t<\/nav>\n\t\t\t\t\t\t<\/div>\n\t\t\t\t<\/div>\n\t\t\t\t\t<\/div>\n\t\t<\/div>\n\t\t\t\t<div class=\"elementor-column elementor-col-50 elementor-top-column elementor-element elementor-element-145204b1\" data-id=\"145204b1\" data-element_type=\"column\" data-e-type=\"column\">\n\t\t\t<div class=\"elementor-widget-wrap elementor-element-populated\">\n\t\t\t\t\t\t<div class=\"elementor-element elementor-element-e81e2bb elementor-widget elementor-widget-image\" data-id=\"e81e2bb\" data-element_type=\"widget\" data-e-type=\"widget\" data-widget_type=\"image.default\">\n\t\t\t\t<div class=\"elementor-widget-container\">\n\t\t\t\t\t\t\t\t\t\t\t\t\t\t\t<img fetchpriority=\"high\" decoding=\"async\" width=\"2000\" height=\"1333\" src=\"https:\/\/audicont.com.br\/wp-content\/uploads\/2023\/08\/consulting-in-the-net.jpg\" class=\"attachment-full size-full wp-image-1107\" alt=\"Consulting in the net\" srcset=\"https:\/\/audicont.com.br\/wp-content\/uploads\/2023\/08\/consulting-in-the-net.jpg 2000w, https:\/\/audicont.com.br\/wp-content\/uploads\/2023\/08\/consulting-in-the-net-300x200.jpg 300w, https:\/\/audicont.com.br\/wp-content\/uploads\/2023\/08\/consulting-in-the-net-1024x682.jpg 1024w, https:\/\/audicont.com.br\/wp-content\/uploads\/2023\/08\/consulting-in-the-net-768x512.jpg 768w, https:\/\/audicont.com.br\/wp-content\/uploads\/2023\/08\/consulting-in-the-net-1536x1024.jpg 1536w\" sizes=\"(max-width: 2000px) 100vw, 2000px\" \/>\t\t\t\t\t\t\t\t\t\t\t\t\t\t\t<\/div>\n\t\t\t\t<\/div>\n\t\t\t\t<div class=\"elementor-element elementor-element-7c22bf11 elementor-widget elementor-widget-text-editor\" data-id=\"7c22bf11\" data-element_type=\"widget\" data-e-type=\"widget\" data-widget_type=\"text-editor.default\">\n\t\t\t\t<div class=\"elementor-widget-container\">\n\t\t\t\t\t\t\t\t\t<p>A consultoria societ\u00e1ria \u00e9 um servi\u00e7o que oferece orienta\u00e7\u00f5es e solu\u00e7\u00f5es para quest\u00f5es relacionadas \u00e0 estrutura e governan\u00e7a corporativa de uma empresa. Ela envolve a an\u00e1lise das rela\u00e7\u00f5es entre os s\u00f3cios, a estrutura jur\u00eddica e organizacional da empresa, e a defini\u00e7\u00e3o de regras e processos para a tomada de decis\u00f5es.<\/p>\n<p>Na Audicont, essa consultoria pode incluir a elabora\u00e7\u00e3o ou revis\u00e3o de acordos de acionistas ou contratos sociais, orienta\u00e7\u00f5es sobre cis\u00f5es, fus\u00f5es, aquisi\u00e7\u00f5es, reestrutura\u00e7\u00f5es ou dissolu\u00e7\u00f5es, e assist\u00eancia na implementa\u00e7\u00e3o de pr\u00e1ticas de governan\u00e7a corporativa.<\/p>\n<p>O objetivo \u00e9 garantir que a empresa esteja estruturada de maneira eficiente e em conformidade com as leis e regulamentos aplic\u00e1veis, ao mesmo tempo em que atenda aos interesses e necessidades de s\u00f3cios\/acionistas e stakeholders.<\/p>\t\t\t\t\t\t\t\t<\/div>\n\t\t\t\t<\/div>\n\t\t\t\t<div class=\"elementor-element elementor-element-626287a8 elementor-widget elementor-widget-heading\" data-id=\"626287a8\" data-element_type=\"widget\" data-e-type=\"widget\" id=\"cfi\" data-widget_type=\"heading.default\">\n\t\t\t\t<div class=\"elementor-widget-container\">\n\t\t\t\t\t<h4 class=\"elementor-heading-title elementor-size-default\">Cis\u00e3o | Fus\u00e3o | Incorpora\u00e7\u00e3o<\/h4>\t\t\t\t<\/div>\n\t\t\t\t<\/div>\n\t\t\t\t<div class=\"elementor-element elementor-element-722343c elementor-widget elementor-widget-text-editor\" data-id=\"722343c\" data-element_type=\"widget\" data-e-type=\"widget\" id=\"cisao\" data-widget_type=\"text-editor.default\">\n\t\t\t\t<div class=\"elementor-widget-container\">\n\t\t\t\t\t\t\t\t\t<p>Em todos esses servi\u00e7os, a Audicont tem como objetivo auxiliar a tomada de decis\u00e3o das empresas que gerem maior valor agregado para o mercado e seus stakeholders. Com experi\u00eancia e conhecimento em gest\u00e3o de mudan\u00e7as, finan\u00e7as corporativas, leis e regulamentos, que garantindo a esses processos que a transforma\u00e7\u00e3o corporativa seja conduzida de forma eficiente e eficaz.<\/p>\t\t\t\t\t\t\t\t<\/div>\n\t\t\t\t<\/div>\n\t\t\t\t<div class=\"elementor-element elementor-element-68b0bd35 elementor-widget elementor-widget-heading\" data-id=\"68b0bd35\" data-element_type=\"widget\" data-e-type=\"widget\" id=\"acordo\" data-widget_type=\"heading.default\">\n\t\t\t\t<div class=\"elementor-widget-container\">\n\t\t\t\t\t<h4 class=\"elementor-heading-title elementor-size-default\">Acordos de cotistas \/ Acionistas<\/h4>\t\t\t\t<\/div>\n\t\t\t\t<\/div>\n\t\t\t\t<div class=\"elementor-element elementor-element-4b9170df elementor-widget elementor-widget-text-editor\" data-id=\"4b9170df\" data-element_type=\"widget\" data-e-type=\"widget\" id=\"ppa\" data-widget_type=\"text-editor.default\">\n\t\t\t\t<div class=\"elementor-widget-container\">\n\t\t\t\t\t\t\t\t\t<p>Executamos este servi\u00e7o que consiste na elabora\u00e7\u00e3o e revis\u00e3o desses acordos, que s\u00e3o instrumentos jur\u00eddicos importantes para regular as rela\u00e7\u00f5es entre acionistas ou cotistas de uma empresa.<\/p>\n<p>Os acordos estabelecem regras para uma variedade de quest\u00f5es, incluindo a estrutura de governan\u00e7a, a distribui\u00e7\u00e3o de lucros ou dividendos, a transfer\u00eancia de cotas ou a\u00e7\u00f5es ou direitos e obriga\u00e7\u00f5es dos acionistas ou cotistas.<\/p>\n<p>Tamb\u00e9m faz parte do nosso escopo, garantir que esses acordos sejam redigidos de forma clara e completa, atendam aos interesses e necessidades de todas as partes envolvidas, e estejam em conformidade com as leis e regulamentos aplic\u00e1veis.<\/p>\t\t\t\t\t\t\t\t<\/div>\n\t\t\t\t<\/div>\n\t\t\t\t<div class=\"elementor-element elementor-element-ec05e02 elementor-widget elementor-widget-heading\" data-id=\"ec05e02\" data-element_type=\"widget\" data-e-type=\"widget\" id=\"ppa\" data-widget_type=\"heading.default\">\n\t\t\t\t<div class=\"elementor-widget-container\">\n\t\t\t\t\t<h4 class=\"elementor-heading-title elementor-size-default\">PPA - Purchase Price Allocation<\/h4>\t\t\t\t<\/div>\n\t\t\t\t<\/div>\n\t\t\t\t<div class=\"elementor-element elementor-element-8aa65dc elementor-widget elementor-widget-text-editor\" data-id=\"8aa65dc\" data-element_type=\"widget\" data-e-type=\"widget\" id=\"due-diligence\u200b\" data-widget_type=\"text-editor.default\">\n\t\t\t\t<div class=\"elementor-widget-container\">\n\t\t\t\t\t\t\t\t\t<p>Esse processo envolve a identifica\u00e7\u00e3o e a avalia\u00e7\u00e3o dos ativos e passivos da empresa alvo, incluindo ativos tang\u00edveis e intang\u00edveis, para determinar seu valor justo de mercado.<\/p>\n<p>O objetivo da Audicont \u00e9 garantir que o pre\u00e7o de compra seja alocado de maneira precisa e justa, em conformidade com as normas cont\u00e1beis e tribut\u00e1rias.<\/p>\t\t\t\t\t\t\t\t<\/div>\n\t\t\t\t<\/div>\n\t\t\t\t<div class=\"elementor-element elementor-element-e3af271 elementor-widget elementor-widget-heading\" data-id=\"e3af271\" data-element_type=\"widget\" data-e-type=\"widget\" id=\"due-diligence\" data-widget_type=\"heading.default\">\n\t\t\t\t<div class=\"elementor-widget-container\">\n\t\t\t\t\t<h4 class=\"elementor-heading-title elementor-size-default\">Due Diligence<\/h4>\t\t\t\t<\/div>\n\t\t\t\t<\/div>\n\t\t\t\t<div class=\"elementor-element elementor-element-aa089c9 elementor-widget elementor-widget-text-editor\" data-id=\"aa089c9\" data-element_type=\"widget\" data-e-type=\"widget\" id=\"valuation\" data-widget_type=\"text-editor.default\">\n\t\t\t\t<div class=\"elementor-widget-container\">\n\t\t\t\t\t\t\t\t\t<p>Os servi\u00e7os de Due Diligence s\u00e3o uma pr\u00e1tica essencial para a avalia\u00e7\u00e3o e gest\u00e3o de riscos em transa\u00e7\u00f5es empresariais, como fus\u00f5es, aquisi\u00e7\u00f5es, parcerias e investimentos. Esse procedimento consiste em uma investiga\u00e7\u00e3o detalhada das informa\u00e7\u00f5es cont\u00e1beis, financeiras, legais, tribut\u00e1rias e operacionais de uma empresa, com o objetivo de identificar potenciais problemas, conting\u00eancias, vulnerabilidades e oportunidades antes da conclus\u00e3o da transa\u00e7\u00e3o.<\/p>\n<p>Para a execu\u00e7\u00e3o desse trabalho, a Audicont disp\u00f5e de uma equipe especialista e experiente, que conduzir\u00e1 o processo de forma estruturada, garantindo a confidencialidade das informa\u00e7\u00f5es e a integridade das an\u00e1lises realizadas.<\/p>\t\t\t\t\t\t\t\t<\/div>\n\t\t\t\t<\/div>\n\t\t\t\t<div class=\"elementor-element elementor-element-a868747 elementor-widget elementor-widget-heading\" data-id=\"a868747\" data-element_type=\"widget\" data-e-type=\"widget\" id=\"\u200bvaluation\" data-widget_type=\"heading.default\">\n\t\t\t\t<div class=\"elementor-widget-container\">\n\t\t\t\t\t<h4 class=\"elementor-heading-title elementor-size-default\">Valuation<\/h4>\t\t\t\t<\/div>\n\t\t\t\t<\/div>\n\t\t\t\t<div class=\"elementor-element elementor-element-30bae54 elementor-widget elementor-widget-text-editor\" data-id=\"30bae54\" data-element_type=\"widget\" data-e-type=\"widget\" id=\"atendimento-as-normas-contabeis\" data-widget_type=\"text-editor.default\">\n\t\t\t\t<div class=\"elementor-widget-container\">\n\t\t\t\t\t\t\t\t\t<p><b>FUNDO DE COM\u00c9RCIO\/ GOODWILL<\/b><\/p>\n<p>O fundo de com\u00e9rcio das empresas tem sua rela\u00e7\u00e3o direta com a probabilidade dos lucros futuros ou da manuten\u00e7\u00e3o dos lucros habitualmente conseguidos, em raz\u00e3o da estrutura e operacionalidade da atividade. Todos os fatores, por conseguinte, que contribuem para a forma\u00e7\u00e3o dos resultados, est\u00e3o envolvidos.<\/p>\n<p>Partindo-se do princ\u00edpio de que o lucro das empresas depende da qualidade do trabalho e da confian\u00e7a que estas podem inspirar no mercado existente, o valor do fundo de com\u00e9rcio condiciona, em grande parte, a manuten\u00e7\u00e3o de tais padr\u00f5es, o que demanda estudos espec\u00edficos de cada caso.<\/p>\n<p><b>O EBITDA <\/b><\/p>\n<p>\u00c9 uma medida de avalia\u00e7\u00e3o de desempenho que parte do lucro cont\u00e1bil, apurado com base nas pr\u00e1ticas cont\u00e1beis no Brasil, e elimina os efeitos financeiros \u2013 receitas e despesas \u2013 al\u00e9m das despesas com deprecia\u00e7\u00f5es e amortiza\u00e7\u00f5es, tendo em vista que n\u00e3o produzem reflexos sobre o fluxo financeiro decorrente das transa\u00e7\u00f5es inerentes \u00e0s atividades exclusivamente relacionadas com o objeto social da empresa.<\/p>\n<p>A capacidade de um empreendimento gerar caixa exclusivamente em fun\u00e7\u00e3o das suas atividades operacionais \u00e9 um forte indicativo da sua viabilidade econ\u00f4mica. O EBITDA demonstra o volume desse caixa gerado pelo empreendimento, sendo de grande valia para investidores e administradores, pois mede a produtividade e a efici\u00eancia do neg\u00f3cio.<\/p>\n<p><b>Procedimentos que ser\u00e3o aplicados:<\/b><\/p>\n<ul>\n<li>An\u00e1lise das demonstra\u00e7\u00e3o do resultado dos 12 \u00faltimos meses;<\/li>\n<li>Ajustes gerenciais na demonstra\u00e7\u00e3o do resultado dos 12 \u00faltimos meses;<\/li>\n<li>C\u00e1lculo do EBITDA para os dos 12 \u00faltimos meses<\/li>\n<\/ul>\n<p>\u00a0<\/p>\n<p><b>M\u00c9TODO DO VALOR PRESENTE DOS FLUXOS DE CAIXA FUTUROS<\/b><\/p>\n<p>Essa t\u00e9cnica de avalia\u00e7\u00e3o passou a ser utilizada internacionalmente a partir do in\u00edcio da d\u00e9cada de noventa e vem sendo largamente adotada no Brasil por empresas de pequeno, m\u00e9dio e grande porte;<\/p>\n<p>De acordo com o M\u00e9todo de Valor Presente dos Fluxos de Caixa Futuros, a viabilidade de um empreendimento \u00e9 baseada no valor presente dos fluxos de caixa a serem obtidos nas opera\u00e7\u00f5es futuras do neg\u00f3cio.<\/p>\n<p>Em ess\u00eancia, a gera\u00e7\u00e3o de caixa operacional depende das varia\u00e7\u00f5es das vendas, comportamento dos custos e despesas, investimentos em capital de giro, investimento em ativos imobilizados e custo do capital (custo de oportunidade) do investidor.<\/p>\t\t\t\t\t\t\t\t<\/div>\n\t\t\t\t<\/div>\n\t\t\t\t<div class=\"elementor-element elementor-element-2e86919 elementor-widget elementor-widget-heading\" data-id=\"2e86919\" data-element_type=\"widget\" data-e-type=\"widget\" id=\"atendimento\" data-widget_type=\"heading.default\">\n\t\t\t\t<div class=\"elementor-widget-container\">\n\t\t\t\t\t<h4 class=\"elementor-heading-title elementor-size-default\">Atendimento \u00e0s normas cont\u00e1beis<\/h4>\t\t\t\t<\/div>\n\t\t\t\t<\/div>\n\t\t\t\t<div class=\"elementor-element elementor-element-8ddc101 elementor-widget elementor-widget-text-editor\" data-id=\"8ddc101\" data-element_type=\"widget\" data-e-type=\"widget\" data-widget_type=\"text-editor.default\">\n\t\t\t\t<div class=\"elementor-widget-container\">\n\t\t\t\t\t\t\t\t\t<p>Assessoramos empresas na elabora\u00e7\u00e3o das demonstra\u00e7\u00f5es financeiras e pr\u00e1ticas cont\u00e1beis que estejam em conformidade com as normas cont\u00e1beis. Isso pode incluir a orienta\u00e7\u00e3o sobre a aplica\u00e7\u00e3o de novas normas, a revis\u00e3o de demonstra\u00e7\u00f5es financeiras, e o treinamento da equipe de contabilidade da empresa.<\/p>\t\t\t\t\t\t\t\t<\/div>\n\t\t\t\t<\/div>\n\t\t\t\t<div class=\"elementor-element elementor-element-0586b0c elementor-widget elementor-widget-heading\" data-id=\"0586b0c\" data-element_type=\"widget\" data-e-type=\"widget\" id=\"sucessorio\" data-widget_type=\"heading.default\">\n\t\t\t\t<div class=\"elementor-widget-container\">\n\t\t\t\t\t<h4 class=\"elementor-heading-title elementor-size-default\">Planejamento Sucess\u00f3rio e Prote\u00e7\u00e3o Patrimonial<\/h4>\t\t\t\t<\/div>\n\t\t\t\t<\/div>\n\t\t\t\t<div class=\"elementor-element elementor-element-8a3a868 elementor-widget__width-initial elementor-widget elementor-widget-text-editor\" data-id=\"8a3a868\" data-element_type=\"widget\" data-e-type=\"widget\" id=\"patrimonial\" data-widget_type=\"text-editor.default\">\n\t\t\t\t<div class=\"elementor-widget-container\">\n\t\t\t\t\t\t\t\t\t<p>Oferecemos os servi\u00e7os de planejamento sucess\u00f3rio visando assessorar nossos clientes a gerenciar a transi\u00e7\u00e3o de ativos e empresas para a pr\u00f3xima gera\u00e7\u00e3o. Isso pode envolver uma variedade de estrat\u00e9gias, incluindo a elabora\u00e7\u00e3o de testamentos, trusts, doa\u00e7\u00f5es, acordos de acionistas\/cotistas e outras estruturas legais.<\/p>\n<p>O objetivo \u00e9 garantir que a transfer\u00eancia de ativos ocorra de maneira eficiente, minimizando a carga tribut\u00e1ria e evitando conflitos familiares.<\/p>\t\t\t\t\t\t\t\t<\/div>\n\t\t\t\t<\/div>\n\t\t\t\t\t<\/div>\n\t\t<\/div>\n\t\t\t\t\t<\/div>\n\t\t<\/section>\n\t\t\t\t<\/div>\n\t\t","protected":false},"excerpt":{"rendered":"<p>A consultoria societ\u00e1ria \u00e9 um servi\u00e7o que oferece orienta\u00e7\u00f5es e solu\u00e7\u00f5es para quest\u00f5es relacionadas \u00e0 estrutura e governan\u00e7a corporativa de uma empresa. Ela envolve a an\u00e1lise das rela\u00e7\u00f5es entre os s\u00f3cios, a estrutura jur\u00eddica e organizacional da empresa, e a defini\u00e7\u00e3o de regras e processos para a tomada de decis\u00f5es. Na Audicont, essa consultoria pode [&hellip;]<\/p>\n","protected":false},"author":1,"featured_media":1107,"parent":1172,"menu_order":0,"comment_status":"closed","ping_status":"closed","template":"","meta":{"footnotes":""},"class_list":["post-69","page","type-page","status-publish","has-post-thumbnail","hentry"],"_links":{"self":[{"href":"https:\/\/audicont.com.br\/index.php?rest_route=\/wp\/v2\/pages\/69","targetHints":{"allow":["GET"]}}],"collection":[{"href":"https:\/\/audicont.com.br\/index.php?rest_route=\/wp\/v2\/pages"}],"about":[{"href":"https:\/\/audicont.com.br\/index.php?rest_route=\/wp\/v2\/types\/page"}],"author":[{"embeddable":true,"href":"https:\/\/audicont.com.br\/index.php?rest_route=\/wp\/v2\/users\/1"}],"replies":[{"embeddable":true,"href":"https:\/\/audicont.com.br\/index.php?rest_route=%2Fwp%2Fv2%2Fcomments&post=69"}],"version-history":[{"count":69,"href":"https:\/\/audicont.com.br\/index.php?rest_route=\/wp\/v2\/pages\/69\/revisions"}],"predecessor-version":[{"id":2242,"href":"https:\/\/audicont.com.br\/index.php?rest_route=\/wp\/v2\/pages\/69\/revisions\/2242"}],"up":[{"embeddable":true,"href":"https:\/\/audicont.com.br\/index.php?rest_route=\/wp\/v2\/pages\/1172"}],"wp:featuredmedia":[{"embeddable":true,"href":"https:\/\/audicont.com.br\/index.php?rest_route=\/wp\/v2\/media\/1107"}],"wp:attachment":[{"href":"https:\/\/audicont.com.br\/index.php?rest_route=%2Fwp%2Fv2%2Fmedia&parent=69"}],"curies":[{"name":"wp","href":"https:\/\/api.w.org\/{rel}","templated":true}]}}